 Let g = s - -836. Is g a prime number?
False
Suppose -14*q + 16*q - 14 = 0. Suppose -k = q*k - 0*k. Suppose k = 11*s - 6*s - 16705. Is s a prime number?
False
Let o = 5357 - 3357. Suppose 5*n + o = 5*m, 5*n - 15 = 10. Suppose -3*t = m - 1416. Is t a prime number?
True
Is (6/(-4))/((-18)/34846908) a prime number?
True
Is -3 + 5 + 233946/6 prime?
True
Let l = 1743 - -921. Suppose 0 = -3*k + 810 - l. Is k/(-9)*(-21)/2*-1 prime?
False
Suppose 8*c = -c - 11*c. Suppose -11*r + 5*r + 3342 = c. Is r a prime number?
True
Let k = 443 + -441. Suppose 3*s - j = s + 2999, k*j = 3*s - 4496. Is s a prime number?
False
Let q = 132 - 129. Suppose q*w - 3*t - 1975 = 2*w, 2*w - 3948 = 5*t. Is w prime?
False
Suppose 0 = -2*r + 8, 88*r - 84*r + 72417 = f. Is f prime?
False
Is (11681/(-2*(-10 - -11)))/(1/(-2)) a composite number?
False
Suppose 14 = 7*o - 14. Suppose -5*s = t + 4, -s + 5 = o*t - 2*s. Is (203/2)/(t/2) a composite number?
True
Let o be 17304894/324 - (0 + -2)/(-12). Let z = o + -30567. Is z composite?
True
Suppose 3*v + 4*a - 38 = 0, -3*a = -7 - 8. Is (v - 5) + 6287 + -1 a prime number?
True
Let p = 58 + -104. Let k = p - -48. Suppose k*h + 1948 = -3*a + 6252, h - 5*a = 2139. Is h a composite number?
True
Let f be (7/(-3))/(((-16)/60)/(-4)). Let t be ((-68)/14 + 5/f)/(-1). Is -3*t/30*-134 a prime number?
True
Suppose 47*g - 608924 = 941559. Is g prime?
False
Suppose -5*i + z = -1108946, 0 = -26*i + 29*i + z - 665382. Is i prime?
False
Let k be 48/3*3/4. Suppose 0 = 4*n - m + 2*m - k, 4*n + 3*m = 4. Is (24/(-20))/(((-32)/8780)/n) a composite number?
True
Suppose 0 = 2*p - s - 1613, 4050 = 5*p - 8*s + 9*s. Let x = p - -508. Is x prime?
False
Let c(i) = -4*i**2 + 31*i - 11. Let w be c(14). Let z = 5272 + w. Is z composite?
True
Let i = 181142 - 74433. Is i composite?
True
Let s = -1129 - -1650. Suppose s - 3266 = -9*j. Is j prime?
False
Let o be (-15)/(-2)*(-12)/(-9). Let v be (o/(-2))/5*-4. Suppose v*i - i - 10191 = 0. Is i composite?
True
Let j = 32388 + 10649. Is j a prime number?
True
Suppose 0 = 5*w + 15, -6 + 8 = -5*l - 4*w. Suppose 0*k = 5*m + k - 2606, 1565 = 3*m + l*k. Is m a prime number?
True
Suppose 12*k + 119*k - 595657 = 0. Is k prime?
True
Suppose 4*x - 9*g = 219160, 5*g + 214979 = 3*x + 50616. Is x composite?
True
Let u be (-2)/5*(-4 - 1). Let y(c) = 16760*c + 10. Let q be y(u). Suppose 0*h - q = -10*h. Is h a prime number?
False
Let h = -38 + 38. Suppose h = v - v + 4*v. Suppose -5*y + v*w + 2901 = -2*w, -575 = -y + 3*w. Is y a composite number?
True
Let i(k) = 824*k**2 - 9*k + 53. Let d(l) = -40*l - 34. Let p be d(-1). Is i(p) a composite number?
False
Suppose -13*i + 16*i + 354 = 0. Let h = 279 + -104. Let w = h - i. Is w composite?
False
Let y(h) = -269*h - 20. Let x = -287 + 268. Is y(x) a prime number?
False
Let l = 144973 - 63642. Is l a prime number?
True
Is (-39)/(15/(-10)*(-2)/(-8527)) prime?
False
Let l(h) = h**3 + 13*h**2 + 22*h + 10. Let t be l(-11). Is (-27914)/85*t/(-4) prime?
True
Suppose y = 7, 24*w + 9*y - 2951608 = 19*w. Is w composite?
False
Is (-16)/(224/(-1096837))*6 a composite number?
True
Let l = -12 + 15. Suppose -2*a + 76 = 5*v, -2*a - 60 = -3*a + l*v. Let r = a + 26. Is r composite?
True
Suppose 46*r - 20*r - 111436 = 0. Suppose 3*o + 2*m = 4197, -5*o + 2709 + r = -5*m. Is o prime?
True
Let i(t) = -13 + 806*t + 3 + 3. Suppose 63*h = 59*h + 12. Is i(h) a composite number?
False
Let a(j) = j**3 + 105*j**2 - 14*j + 1297. Is a(-48) prime?
False
Let m(w) = -w - 35. Let v be m(-20). Let c be 1342/165 + 2/v. Suppose u = c*u - 1043. Is u a prime number?
True
Let i(m) = 3*m - 90. Let y be i(30). Suppose 2*n + 5*r = -y*n + 21587, 5 = r. Is n a prime number?
True
Let a = -239 - 63. Suppose -5*w - 2260 = 4295. Let s = a - w. Is s a composite number?
False
Suppose -n + 3*n - 1615 = 5*w, -4*w = 3*n + 1315. Let p be (-27930)/48 + (-100)/32 + 3. Let i = w - p. Is i prime?
True
Let t = 194 + -195. Let u(c) = -2335*c + 22. Is u(t) composite?
False
Let t be (4 + (-66)/15)*15. Is ((-4)/t)/(89490/29826 + -3) a composite number?
False
Let x be 9/(-54) - 25/(-6). Suppose -w = -r - r - x, -r = -w. Is (-7)/28 + 1 + (-3653)/r a prime number?
False
Let r = 30 + -27. Let q(g) = -35 + 20*g**2 + 2*g**3 - g**2 - r*g**3. Is q(18) a prime number?
False
Let i(c) = c. Let t(d) = d**2 + 2*d + 1. Let g(a) = 4*i(a) - t(a). Let f be g(0). Let b(x) = 290*x**2 - x. Is b(f) a composite number?
True
Let q(z) = 97*z**2 + 60*z - 191. Is q(16) a prime number?
True
Suppose 56*q + 2*l = 52*q + 710628, 4*q = -l + 710624. Is q prime?
False
Let l(o) = 24036*o + 281. Is l(1) a prime number?
True
Let h(k) = 7*k**2 - 15*k - 7424. Is h(-101) a composite number?
True
Let q be (-5890)/4 - (-2)/4. Let m be (-2)/(-3)*413703/(-86). Let f = q - m. Is f prime?
False
Is -1 + 6 + -1 + (-2 - -6) - -6604725 prime?
True
Suppose 0 = 3*n - 5*q - 28, -2*n + 3*n - 5*q - 16 = 0. Let s(j) be the third derivative of 2*j**5/15 + j**4/4 + 7*j**3/6 + 3*j**2. Is s(n) prime?
True
Suppose -230538 = 35*s - 101*s. Is s a composite number?
True
Let y be (-32287)/(-1) - (76 - 74). Suppose -4*c + 61117 = 3*n, -2*n + y + 8456 = -c. Is n a prime number?
False
Let o = 74 - 62. Suppose -o = 7*v - v. Is (-4 - -1043) + 2 + 4/v composite?
False
Suppose 17*o - 363 = 62. Suppose o*r - 16*r - 72297 = 0. Is r composite?
True
Let u(q) = q**3 + q**2 - 6*q + 2. Let v be u(2). Suppose 5*t - 8195 = 2*b, -4*t - v*b + 6544 = -6*b. Is t prime?
False
Let i = -12 + 15. Suppose 2*t = -6*g + g + 25875, -4*g - i*t = -20707. Suppose 544 = -3*x + g. Is x a composite number?
False
Let i = -41127 + 64676. Is i a composite number?
False
Let r = -383238 + 613607. Is r a prime number?
True
Suppose -4*w + 18 = -x, 3*w - x = 3*x + 20. Suppose 9*m = 7*m + w. Suppose m*b = -5*d + 3173, 3*d + 526 = -3*b + 2428. Is d a composite number?
True
Suppose 5*z - 5*j = -6025, -5*z + 2*j = 3*j + 6013. Let l = 1862 + z. Is l a composite number?
False
Suppose m - 538961 = -4*q + 218484, m - 5*q - 757472 = 0. Is m composite?
False
Let b be 17/17 - (-11811 + 2). Suppose -2*p = -4 - 6, 5*r - b = p. Is r prime?
False
Let n(u) = -589*u - 5. Let g be n(-3). Suppose -8*v + g = -790. Let j = v - -360. Is j prime?
False
Let u(f) be the first derivative of -18 + 11*f**2 + 8/3*f**3 - 1/4*f**4 - 10*f. Is u(-11) a prime number?
False
Suppose 101*k = 106*k + 5*x + 35, -2*x - 12 = k. Is (7/(-14)*4)/(k/5003) composite?
False
Suppose g = 16*p + 24355, 12*g + 2*p = 8*g + 97618. Is g prime?
False
Let h(n) = 4*n**3 - 5*n**2 + 2*n - 6. Suppose -2*r + 22 = -0*r. Let v = 16 - r. Is h(v) prime?
True
Let g(s) = 31259*s**2 - 15*s - 1. Is g(4) prime?
True
Suppose -316*f = -160473671 + 40166467. Is f composite?
True
Suppose 35*u - 1823270 = 2111395 + 890330. Is u composite?
True
Suppose -5*n + 5 = -m, 3 = 4*m + 3*n - 0. Suppose m = -2*g - 2*j + 4314, -16*g + 2*j + 6491 = -13*g. Is g prime?
True
Let f = -355820 + 664959. Is f a composite number?
True
Let d = 1936807 + -1092554. Is d composite?
False
Suppose -85*l + 88*l = 81. Suppose 22*j - l*j + 3691 = -4*y, -5*j + 2*y = -3693. Is j a composite number?
False
Suppose 2*b - 194*g = -199*g + 529266, -2*g = b - 264631. Is b composite?
True
Let f be (1/(-3))/(8/48). Let s be (-4 - -3)/(f/6). Suppose -3*a + 4*m + 3125 = 0, -2*a + 2*m = -s*m - 2081. Is a a composite number?
True
Suppose 2*c + 96 = -14*c. Let w(y) = -33*y**3 + 7*y**2 + 6*y + 25. Is w(c) a composite number?
False
Suppose -40*c + 4008013 + 10970105 = -4164322. Is c composite?
True
Suppose 4*s - 1 = 5*s. Is 1/s + 7/(63/85410) prime?
False
Let v = -18 + 20. Suppose 3*t - 4*p - 9551 = 0, -v*t - p + 6329 = 4*p. Suppose 7*n = 4*n + t. Is n prime?
False
Suppose 0 = 3*x + 5*g - 284037, -471474 + 187437 = -3*x - 2*g. Is x prime?
False
Let h be 0*(-3 + -2)/(-5). Suppose 11*q - 12*q = -2, 3*c + 2*q - 3835 = h. Is c a prime number?
True
Let k = 18263 - -44498. Is k a prime number?
True
Let t be -1 + -3 + (-16)/(-2). Suppose -4*s + s + t*f - 751 = 0, -f = -4*s - 1010. Let b = 742 + s. Is b prime?
False
Let v be (-1)/1 + (-3 - (-1 - -9)). Let g be (-144)/40 - (-2 + v/(-5)). Is (2/g)/(2982/996 + -3) a composite number?
False
Let u(r) = r**3 - 7*r**2 + 6*r + 3. Let f be u(7). Let c = 47 - f. Is (c/4*1270)/1 prime?
False
Suppose 7*n + 0*u + 4*u = 619829, 0 = 4*n - 5*u - 3